
1040325002
What is 1a7cbc (base 14) in base 5?
220144320
-1550201 (base 6) to base 14
-257bb
Convert 294786 (base 13) to base 14.
1c3d88
52302206 (base 7) to base 6
234221532
-5315600 (base 7) to base 8
-2350004
Convert 5bdc9 (base 16) to base 13.
102356
144015 (base 7) to base 4
12302103
What is a8698 (base 12) in base 15?
45c5e
What is -14581631 (base 9) in base 11?
-4107908
Convert 2422433 (base 5) to base 15.
d698
24b511 (base 12) to base 2
10010010100100011101
Convert 339ba3a (base 13) to base 15.
15d9591
-401432324 (base 5) to base 6
-54050131
Convert 4605604 (base 9) to base 13.
68c94a
Convert 431 (base 10) to base 3.
120222
Convert 1cee5 (base 15) to base 7.
542324
What is -c8b0 (base 13) in base 4?
-12303103
What is -7d308 (base 15) in base 3?
-202021020022
Convert 13311341 (base 5) to base 9.
225435
1ab663 (base 16) to base 5
422010002
Convert 121001221221 (base 3) to base 16.
4d3c5
Convert 312333313 (base 4) to base 3.
102110000101
1000240421 (base 5) to base 15
28b4e1
-122121043 (base 5) to base 8
-2161770
Convert 643621 (base 7) to base 9.
180304
Convert 24100 (base 6) to base 11.
2695
98b58c (base 14) to base 15
6c47dc
Convert 15acaa (base 14) to base 13.
207b19
What is 11101101111110101 (base 2) in base 9?
205123
590678 (base 10) to base 4
2100031112
Convert 128791 (base 13) to base 5.
103303132
-1121002331 (base 4) to base 7
-3046235
-2033220222 (base 4) to base 14
-114598
What is 123133522 (base 6) in base 4?
21013332122
What is 230371 (base 8) in base 16?
130f9
Convert -3415230 (base 6) to base 15.
-36643
431210434 (base 5) to base 6
102555330
Convert -102545115 (base 7) to base 10.
-6095514
-16a30 (base 14) to base 2
-1101111000110010
-16343540 (base 7) to base 6
-54032352
-2505351 (base 6) to base 13
-48955
Convert 1430110 (base 7) to base 14.
50040
33aa8 (base 15) to base 9
270465
-3300223034 (base 5) to base 9
-14217801
Convert -10114333 (base 5) to base 3.
-11012010101
110100011111000 (base 2) to base 6
324224
What is -9434c (base 13) in base 16?
-410a8
Convert -1100101000101000110 (base 2) to base 7.
-3343030
-21122002111020 (base 3) to base 4
-33132113001
Convert -29b941 (base 12) to base 8.
-2540201
What is -2121441222 (base 5) in base 9?
-8383722
What is 1002211221210 (base 3) in base 9?
1084853
-e40e85 (base 15) to base 9
-22346538
What is 11747561 (base 8) in base 15?
36808e
Convert -1023012102 (base 4) to base 10.
-307602
-493485 (base 15) to base 10
-3504275
Convert 101322202 (base 5) to base 6.
12535213
-209a974 (base 11) to base 16
-384b9b
What is 330133313 (base 4) in base 7?
2051306
-1030132212 (base 4) to base 11
-1a4397
What is 110789 (base 10) in base 11?
76268
-68107 (base 11) to base 6
-2040330
What is 244b4 (base 15) in base 14?
302cb
102321200023 (base 4) to base 11
2884119
What is 10241004 (base 7) in base 15?
121dc3
Convert 12221202 (base 3) to base 6.
32032
What is 2211110010 (base 3) in base 16?
d9b3
-76089 (base 15) to base 8
-1333742
What is -241042030 (base 5) in base 9?
-2074511
What is -41654652 (base 8) in base 6?
-514042134
24756a6 (base 11) to base 2
10000011001001001011110
What is 121f9 (base 16) in base 9?
122741
Convert 405572 (base 9) to base 8.
725267
-6858353 (base 9) to base 14
-6c4554
-4102112 (base 5) to base 12
-32183
Convert 106bed (base 15) to base 10.
782323
Convert -55646213 (base 7) to base 15.
-652ad2
Convert -4747a (base 11) to base 8.
-205544
Convert -100ae8 (base 15) to base 12.
-308a6b
What is -562207 (base 9) in base 14?
-8a770
Convert cc896 (base 15) to base 10.
649941
Convert 1011010111010010111 (base 2) to base 8.
1327227
Convert 316ee5 (base 16) to base 13.
895771
What is -422200153 (base 6) in base 13?
-16b8586
-1132001111 (base 4) to base 10
-385109
-40003003 (base 5) to base 10
-312878
-10a19a6 (base 12) to base 14
-5d2c90
Convert 201031231 (base 4) to base 10.
136045
Convert -22221200020221 (base 3) to base 14.
-8bb7d6
Convert e4e12d (base 15) to base 5.
10241200033
1101011110001100100 (base 2) to base 14
b6c3a
1234444044 (base 5) to base 2
1011100111110101110110
70bab3 (base 12) to base 10
1762407
Convert 417b1 (base 16) to base 9.
447820
What is -36315 (base 13) in base 9?
-161303
Convert -2195e7 (base 16) to base 9.
-4124255
What is -20021202 (base 3) in base 6?
-33115
What is -2181881 (base 10) in base 7?
-24355112
-1015314144 (base 6) to base 7
-156144535
Convert -2322233320 (base 4) to base 11.
-482772
Convert -82274 (base 15) to base 14.
-aa389
Convert -1110340231 (base 5) to base 8.
-11221430
Convert 5900025 (base 10) to base 13.
12b7651
Convert -230210221 (base 4) to base 9.
-307384
What is 51610 (base 11) in base 9?
124226
-42223133 (base 5) to base 9
-585352
Convert -ccc6b (base 16) to base 13.
-234a13
-1001100111000011010001 (base 2) to base 13
-6a28a5
What is 267891 (base 10) in base 12?
10b043
What is -35833c (base 14) in base 6?
-103103350
What is 445692 (base 10) in base 6?
13315220
What is 1cb7d (base 15) in base 8?
267026
-1100222001212 (base 3) to base 10
-727592
-171e88 (base 16) to base 15
-1edde9
-3d982 (base 15) to base 13
-6c0cb
What is 1185725 (base 9) in base 10?
647213
-2100020102100 (base 3) to base 5
-304312314
Convert 40782 (base 14) to base 12.
75952
Convert 26005774 (base 8) to base 4.
112000233330
What is -13458440 (base 9) in base 11?
-3834124
Convert 312342131 (base 5) to base 7.
13664615
Convert -14024421 (base 8) to base 16.
-302911
Convert 444263 (base 9) to base 7.
2154162
What is 150622006 (base 7) in base 6?
554032404
152050 (base 7) to base 13
1059a
1321461 (base 11) to base 15
30246d
What is 96e5a (base 15) in base 10?
479110
Convert 52cb49 (base 13) to base 16.
1da16f
-28213230 (base 9) to base 12
-4805899
-1023102110 (base 4) to base 13
-aa48c
Convert 1421342 (base 5) to base 16.
739d
4732a (base 12) to base 4
113110102
What is -233626 (base 7) in base 8?
-122260
Convert -e7b7 (base 16) to base 15.
-12899
Convert ac066 (base 16) to base 15.
ddb94
What is 1010130 (base 5) in base 4?
3332202
What is 31101022 (base 4) in base 16?
d44a
What is 1b38b0 (base 13) in base 15?
da76a
Convert 2200220201201 (base 3) to base 7.
15125161
Convert -1443419 (base 12) to base 5.
-2020220122
Convert 11120211201121 (base 3) to base 9.
4524647
What is -121524032 (base 6) in base 12?
-943618
Convert 214c360 (base 14) to base 10.
15784160
-1177867 (base 9) to base 4
-2130302311
Convert -38172 (base 14) to base 13.
-4a778
-52333655 (base 7) to base 11
-254388a
Convert 164480 (base 9) to base 3.
12011112200
-5494b2 (base 12) to base 13
-3805bb
Convert -10234141 (base 5) to base 4.
-111030030
What is -351391 (base 12) in base 8?
-3200735
Convert 486520 (base 9) to base 6.
10142413
Convert 233313010 (base 4) to base 16.
2fdc4
What is 1210258 (base 10) in base 3?
2021111011101
What is 654d6 (base 15) in base 10?
321726
8bbb6 (base 13) to base 11
164372
What is -3433431 (base 8) in base 3?
-1202022221001
What is 7d6871 (base 15) in base 14?
b21150
Convert 2241134 (base 6) to base 2.
11011111010010010
Convert 3001214 (base 5) to base 3.
2101112221
Convert -192a5 (base 15) to base 6.
-1425445
What is -13556066 (base 8) in base 11?
-1808346
Convert 40c298 (base 13) to base 16.
17123f
What is -265ae (base 15) in base 4?
-131332211
What is 54a979 (base 16) in base 10?
5548409
37301 (base 12) to base 15
17227
Convert -1300313100 (base 4) to base 9.
-774123
2002200120 (base 4) to base 16
82818
What is -1029 (base 15) in base 14?
-135c
Convert 8d4ac (base 14) to base 13.
c0718
-22531420 (base 6) to base 9
-1271153
What is -1254a29 (base 12) in base 9?
-6680346
-17524b9 (base 13) to base 14
-101223d
What is 11134262 (base 9) in base 5?
2340140101
Convert 33ccd (base 14) to base 5.
13013023
Convert a4eec (base 15) to base 9.
876526
-37449 (base 12) to base 7
-431322
What is 110010001001000010010 (base 2) in base 8?
6211022
1086ca2 (base 14) to base 3
112210010011101
What is -20242374 (base 9) in base 12?
-3304494
52110a7 (base 11) to base 4
203011013130
What is 108a6c5 (base 14) in base 12?
2773a71
What is 35445651 (base 7) in base 13?
85b276
What is 202303332 (base 6) in base 8?
15206250
-101100010001110101100 (base 2) to base 8
-5421654
What is -12110100 (base 3) in base 2?
-111110001010
Convert -9414767 (base 10) to base 13.
-1c4838b
200210021121 